 -34 + 17 - -17.
12
Evaluate -10 + (3 - -7) - (4 + (22 - 3)).
-23
Calculate 3 + 4 - (-36 + 47).
-4
(0 - 8 - (-9 - -4)) + -4 + 5
-2
What is the value of 4 - 8 - 5 - -13?
4
What is the value of 3 + 1 + -4 - (-2 - (10 + -7))?
5
13 + (-7 - 0) + -19
-13
Calculate (401 - 402) + -1 + -7 + -2 + -1.
-12
What is (-3 - 14) + 1 - -3 - (1 + -7)?
-7
Calculate -4 + ((3 - 0) + -8 - (-10 - 5)).
6
-22 + 11 + 6 + 13
8
Evaluate (-9 - -4) + 1 + -10 + (-5 - -17).
-2
Calculate (6 - (1 - 1) - (1 + 11)) + -25.
-31
What is the value of (-10 - -1) + (-17 - -16)?
-10
What is -19 + -3 + 4 + 30?
12
Evaluate -5 + (-32 - -42) + 0 + -3.
2
What is the value of -15 - (-35 - (-11 - -8)) - 47?
-30
Evaluate ((8 - 3) + 1 - 4 - -9) + 8.
19
Calculate -5 - (-26 + 14 + 11 - -2).
-6
(-2 - -7) + (-1 + 6 - (-1 - -4))
7
What is 23 - (45 + -36) - -21?
35
What is the value of 0 - (-10 + -1 + 4)?
7
(-17 - -2 - 3 - -31) + -20
-7
Evaluate 0 - ((9 - 4 - 1) + -4 - 8).
8
18 + (-13 - 3) - 18
-16
Calculate (32 - 16) + -14 - (2 + 2 + 2).
-4
Evaluate -8 + 2 - (-1 - 11).
6
Evaluate -8 - (-28 + (2 - -14) - 8).
12
Calculate 37 + -15 + 10 + -3 + (-12 - -1).
18
What is the value of -8 + -5 + 6 + (32 - 6)?
19
What is (-4 - -13) + (3 - 17 - 0) - 1?
-6
What is the value of -86 + 97 - (23 + -2) - -5?
-5
What is -23 + 27 + (4 - (2 + 2 - -4))?
0
(343 - 364) + 1 + 15
-5
What is the value of -22 + -4 + -9 - -23?
-12
Evaluate (80 - 74 - (-1 - -1 - 6)) + -40.
-28
Evaluate -12 + (23 - -22) + -3 + -14.
16
-5 + -10 + (16 - 14) - (-1 - 6)
-6
What is 8 + ((0 - 4) + 7 - (1 + -1))?
11
Evaluate 1 + 25 + (33 - 86) + 46.
19
What is the value of (1 - (-6 + 13)) + 3 + -2 + -4?
-9
Evaluate 12 + 3 + -5 - (2 + -6).
14
What is the value of -11 + (26 - 9) + -10 - 0?
-4
Calculate 2 + -15 + -3 + 12 - 1.
-5
Evaluate 5 + 32 + -34 - (1 + 10).
-8
What is the value of (24 - 14) + 15 + (-1 - -2)?
26
Calculate (-1 + 1 - -26) + (-95 - -84).
15
What is 47 - 35 - (15 + -4)?
1
Calculate 7 + 4 + 21 + -45.
-13
What is the value of 0 - 14 - (-7 + (8 - 7 - 0))?
-8
Calculate -173 + 191 - (13 - 0).
5
2 - ((3 + -9 - -18) + -7)
-3
What is the value of (-15 - (-56 - -13)) + -8 + -1?
19
Evaluate -7 + 1 + 2 + 2.
-2
Calculate -14 + (11 - 9) + 3 + 0 + -6.
-15
Evaluate 6 + -2 + -6 - (3 - (0 + -2)).
-7
Calculate -89 + 40 + 19 - -72.
42
50 + (-5 - 6) + -19 - 47
-27
Calculate -40 + 15 + 19 + (-1 - 8).
-15
What is the value of 13 + (-43 - -36) + (4 - 1)?
9
What is the value of 7 + 0 - (4 + -5 + 0 + 12)?
-4
What is the value of 7 - (8 + -10 + 17)?
-8
What is the value of -32 + (18 - 4) - -5?
-13
4 - (21 - (-8 - -12))
-13
Evaluate 25 + 3 + (-45 - -30).
13
What is (17 - -1) + (61 - (-83 - -140))?
22
What is the value of 4 + (-8 - (12 - 13)) + -7?
-10
What is the value of (0 - -32) + (-310 - -273)?
-5
(23 - (-4 - 0)) + -1
26
What is -2 - (15 - (0 - -7)) - -27?
17
Calculate (-7 - -4) + 19 - 3.
13
What is the value of 42 + -1 + -830 + 799?
10
Evaluate (-9 - (-18 + 6 + 6)) + 8.
5
What is the value of (15 - (-1 - 7)) + -17 + 6?
12
What is 277 + -260 - (-2 + 16)?
3
Calculate 10 + 4 - (-5 - -32).
-13
What is 9 - 5 - (-10 - -14)?
0
(-3 - -3) + -3 - (-362 - -375)
-16
Calculate -4 + 15 + (5 + -5 + 1 - 4).
8
Calculate (98 - (14 - -5)) + -48.
31
What is (15 + 30 - 111) + 40?
-26
Calculate -33 + 0 + -432 + 450.
-15
Calculate -14 + (-8 - (-18 + -22)).
18
Calculate 600 + -622 + (1 - -33).
12
Calculate 17 - (18 + -2 + (-10 - -5)).
6
What is the value of 25 - (32 + (27 - 19))?
-15
Evaluate 11 + -17 - (-8 - -5).
-3
Calculate 0 + 2 - (-18 + 7 + 21).
-8
Calculate (3 - -13 - -2) + (-20 - (-14 + 1)).
11
What is -11 + (2 - (0 + -1 - (-3 + 3)))?
-8
What is (-15 - 7) + 19 - 2?
-5
What is (-2 + (3 - -9) - 14) + 17?
13
Evaluate 13 - (-4 - (8 + -21 + 11)).
15
Evaluate (6 - (1 + 1)) + -36 + -10 + 31.
-11
What is (-5 - (9 + -4)) + 0 + -3 + 5?
-8
What is the value of (-254 - -229 - (-1 + -10)) + -1?
-15
0 - -7 - (2 + -14 - -22 - 9)
6
Calculate 4 + (-16 - (5 - (2 - -3))).
-12
What is 32 + 23 + -34 + -14?
7
2 + -27 - (118 - 131)
-12
Evaluate ((6 - 2) + 16 - 3) + 0 + -4.
13
-4 + 2 + (-17 - 10 - -7)
-22
What is the value of -17 - (-64 - -32) - 8?
7
What is (-7 - -2) + (48 - 45) - (-7 + 4)?
1
-17 + 7 - -1 - (2 - 7)
-4
What is the value of 11 - (9 + (4 - (9 - -1)))?
8
What is the value of -6 + (-5 + -1 - (-7 + -1)) + -14?
-18
What is 31 + -44 + 19 + 0?
6
3 + 11 - (-370 + 354)
30
What is 1 - (-1 - 0) - (-34 - (-41 - -11))?
6
What is the value of -8 - ((8 - 28) + 8 + 9)?
-5
Evaluate 5 + -3 - (11 + (-9 + 15 - 2)).
-13
Calculate -9 + 12 + -12 - (-2 + 1).
-8
What is the value of 5 + (-1 - -6) + -11 + 17?
16
Calculate (-5 - 19) + 26 + -19 + -16.
-33
Evaluate -18 - (-28 + 10 + -11).
11
Calculate 2 + (-1 + -2 + 3 + 16 - 7).
11
What is the value of -5 - (15 - (2 + 2 + 2))?
-14
9 + (-11 - -12 - 18) + 26
18
What is (-45 - -43) + (37 - 1) + -12?
22
Evaluate (-82 - -94 - (-1 - 0)) + 13.
26
What is the value of 7 - (-2 + 13 + -1 - (2 + 5))?
4
Calculate (0 + -1 - 0) + -9 + 3.
-7
-3 + ((-1 - 8) + 13 - (1 + -9))
9
1 - (5 - 17 - (-2 - 27))
-16
Calculate 5 + (8 - 5 - (4 - 0)).
4
Evaluate 0 + (-10 - (-5 + 4 - (-8 + 9))).
-8
What is the value of (-1 - -4) + (-2 - -17 - (-23 + 29))?
12
(19 - (9 + 38)) + 33
5
-39 + 36 + (0 - -3 - 4) + 20
16
(-3 - 7) + -5 + 27 + 3
15
1 + 0 + (-218 - -215)
-2
13 + (5 - (-15 + 35)) + (1 - 9)
-10
-243 - -297 - (27 - 2)
29
(-24 - (0 - (-6 + 1 - -10))) + 6
-13
-9 - (8 - (10 + (-8 - -8))) - -40
33
(2 - -2) + (22 - 11 - 25)
-10
(-51 - -44 - (-17 - -1)) + -3
6
What is 158 + -162 - ((-1 - -2) + -8)?
3
What is 4 + 5 - (-1 + -2 - (0 + 1))?
13
Calculate 5 - 2 - 11 - (-11 + -7) - 6.
4
Evaluate -13 - (17 + (-4 - -2 - 10)).
-18
Evaluate 1 - 6 - (-472 + 462).
5
Calculate 6 - (-17 + (10 - (2 - 4))).
11
What is -5 + (-2 - -4) + (-2 - -28)?
23
Calculate -10 + -18 + 27 + (-27 - -6).
-22
Calculate (6 - 14) + 7 - 7 - 5.
-13
(6 - 6) + 122 + -116 + -34 + 1
-27
Calculate 1 + -2 + 8 + -2 + (-25 - -2).
-18
(1 - (7 - -1)) + (-4 + 10 - -12)
11
What is the value of -11 + (-7 - -1) + 21 + 2 + 0?
6
Evaluate -8 + (4 - 11 - -7).
-8
-7 + 11 - ((-6 - 0) + 5)
5
What is 5 - (-8 - (-6 + -2) - 0 - 16)?
21
Evaluate 5 + 0 - ((172 - 179) + (1 - 19)).
30
What is the value of (-9 - (-8 + -7)) + -14 - -6?
-2
Calculate (18 - (-1 + (5 - -1))) + -3 + 1.
11
(-5 - (13 + -3 - 11)) + (-3 - -1)
-6
Evaluate -17 + (58 - (2 - -29)).
10
What is (-7 - 0) + (-6 - (-13 + 5 + 0))?
-5
What is 11 - 1 - (111 + (9 - 72))?
-38
Calculate 23 - (-10 - (-7 - (-13 + 25))).
14
Evaluate (8 - 2) + -11 + 0 + 16.
11
What is the value of (12 - (-16 - -21)) + -1 + 3 + 1?
10
What is (5 + 0 - -3) + -11 - -16?
13
Evaluate (4 - 5) + 7 + 0 + 1.
7
(-6 - (-14 - -10 - -5)) + 2 + -19
-24
-19 - -12 - (0 + 9) - 0 - -7
-9
What is the value of 3 - (-3 + 13) - (-4 + 2 + 4)?
-9
Evaluate 0 + -3 - (-12 + 0 + 3).
6
What is -1 + 11 - (3 + 27 + -13 - 32)?
25
Calculate 7 - (2 + 1 + 0 + (-6 - -2)).
8
What is (2 - (8 + -7 + -5)) + 17?
23
What is -33 + 7 + 9 + 7?
-10
(-11 - (-17 + 11 + -14)) + 0 + -4
5
Evaluate (0 - (-8 - 5)) + -9.
4
What is the value of 1 + 22 + (-3 + 7 - -10) + -24?
13
Calculate -5 - (-31 + 62) - -29.
-7
What is -10 + (6 + 1 - -3 - (4 - -24))?
-28
Calculate -4 - -2 - (12 - (-7 - -19)) - 0.
-2
What is (-18 - (-33 - -9)) + 1 + 0 + 2?
9
236 + -214 + (-10 - -1) + (-5 - -4)
12
What is the value of 2 + -1 - 20 - (-890 - -884)?
-13
1 + (15 + -3 - (26 - 11)) + -23
-25
What is the value of (2 - 4) + 4 - -8 - (-29 + 32)?
7
Evaluate (19 - 12) + -15 - 0.
-8
What is 9 - (0 - (2 + -14))?
-3
(-4 - (-17 + 19)) + -6
-12
Calculate (72 + -21 - 36) + 1.
16
What is -2 + (5 - -4) - (17 - 18)?
8
Evaluate 4 - ((0 - 6) + 20).
-10
What is 2693 + -2689 + 2 + -2 + 0 + 23?
27
What is 3 + (-3 + 4 + 9 - 6)?
7
What is the value of -9 + (0 - ((-27 - -22) + (-2 - -3)))?
-5
-11 + 12 + (-8 - (3 - 4))
-6
-9 + 4 + -1 - (2 - (21 + -5))
8
-5 + (-1 - (1 - 12)) - 11
-6
What is the value of 33 - 5 - (14 + -3)?
17
-20 + (9 + -12 - -13)
-10
What is the value of 1 + 12 + (10 - (1 + 5 + -4))?
21
-8 + 1 - (24 + -19 + -11)
-1
Evaluate 7 - (0 + (-3 - -5)) - (46 - 44).
3
What is the value of (-10 + 9 - 2) + -4?
-7
-19 + 29 - (17 - -1) - -1 - -48
41
Evaluate -635 - -627 - (2 + -32).
22
Evaluate (5 - (-4 + 2)) + -15.
-8
What is (-92 - -90) + 2 + 12?
12
13 - ((-5 - -5) + -5) - -4
22
5 - (-3 + -3 + 29 + -12)
-6
Evaluate (3 